 + 0)).
-102
47 + (-4 - -21 - (-5 + (16 - 10)))
63
Calculate 9 - (24 - (25 - -12) - 38).
60
Calculate (3 - -31) + -2 + (9 - (6 - 6)).
41
What is -60 + -1 + (-10 - (-21 + 12 + -9)) - -5?
-48
Evaluate -3 + (-2 - -12) + (31 - (13 + -10)).
35
Evaluate -86 - (-39 + 11 - 25).
-33
What is the value of -9 - ((7 - -9) + (47 - 63))?
-9
What is (-721 + 718 - (-1 - -10)) + 1?
-11
What is the value of (155 - (-127 + 278)) + 0 + (0 - -36)?
40
What is the value of 32 + -12 + (-11 - -52) + -20?
41
What is the value of 107 + (-55 - ((-61 - -29) + 24))?
60
(0 - (0 - (19 - 9)) - 10) + -74 + 5
-69
What is the value of 34 - 9 - (-4 + 15 - -15)?
-1
Calculate -26 + 22 - ((1 - 1) + (126 - 114)).
-16
What is -19 + 3 + (10 - (21 + 3)) + 12?
-18
Evaluate -11 + -9 + -16 + 12.
-24
What is 402 + -366 + -57 + (1 + 85 - 2)?
63
What is the value of 537 + -476 - (0 + -2 - -6) - (-1 + -10)?
68
(13 - -8 - 27) + -16
-22
What is the value of 13 + 62 + -255 + 251?
71
What is the value of -24 + (14 - (19 - -4)) - (15 - 27)?
-21
Calculate (21 - 1) + (-19 + 20 - 14) + 18.
25
(148 - -9) + (258 - 316)
99
Evaluate (-78 - -70) + (-2 - -3) + -16 + 7.
-16
What is 12 + 3 - (-23 + -19 - -54) - -16?
19
What is 1367 - 1379 - (2 - 3 - (3 - 3) - 105)?
94
Calculate (-15 - -18) + -7 + (-2 - (6 - 5)).
-7
What is 0 + -6 - (36 - -11 - 58)?
5
Evaluate -25 + -49 - -23 - (20 - 2).
-69
What is the value of (4 - 11 - 1) + -92 + 46 + -38?
-92
What is the value of 551 + -563 + 10 + 1?
-1
Evaluate -8 + 27 + -10 + -33 + (-22 - 74).
-120
-135 + 107 + -2 + (20 - 1)
-11
Calculate 23 - 23 - (104 + -97 + (1 - 1) + -24).
17
What is the value of (4252 - 4204) + (4 - 71)?
-19
What is the value of (16 + -19 + 15 - (32 + -3)) + 7 - 8?
-18
What is (9 - 60) + 24 + 95?
68
Calculate -7 + (32 - 18 - 15) + 14.
6
What is (-26 - (33 + -1 + -62)) + 0 + -1 + -88?
-85
Evaluate -228 - (-143 + -34 + 60).
-111
Evaluate -7 - 78 - (-367 + 261).
21
What is the value of -3 + 0 + 1 - (-202 + 186 - -15)?
-1
4 - -2 - (-6 - -8) - (439 + -404)
-31
Calculate -13 - (19 - 34 - -16).
-14
Calculate (3 + -10 - 13) + -15 - -10.
-25
Evaluate -13 + (-9 - -79) + 17 + 1 + -22.
53
What is (1 - -1) + 1 + -3 + (2 - (-218 - -156))?
64
What is (-10 - 5 - 6) + (-138 - -119)?
-40
What is (1073 - 1027) + 0 + -25?
21
Evaluate -57 - (-8 - (9 + 32)).
-8
Calculate -43 - (-87 + 103 - 0).
-59
Calculate -627 + 601 + -66 + 26.
-66
What is the value of 1 - 17 - ((21 - 16) + (3 + -15 - -13))?
-22
Calculate (-60 - (-96 - -2)) + 3 + -1 + 1.
37
Calculate 121 - ((-83 - -9) + 124).
71
Calculate (-26 - -106) + -16 - (2 - 10).
72
What is (-5 - -57 - 0) + -81?
-29
What is -129 - -137 - (103 + 0 + -5)?
-90
-24 + (49 - 31) + -4 - 2
-12
What is the value of (74 - 15) + (569 - 580)?
48
(-3 - (-32 - 0)) + (43 - (-23 - -70))
25
Calculate (-43 - -88) + (-2 - 7).
36
What is the value of -50 + -1 + (6 - -22 - 27)?
-50
What is the value of (63 - 120) + 70 + 2?
15
(-31 - 73) + 15 + 0 + -1 - -5
-85
(-4 - 1) + -7 + 4 - ((-80 - -60) + -33)
45
What is the value of -37 - (0 + 0 - (-51 + 96 - 48))?
-40
(7 + 38 + -35 - 22) + 0 + -43
-55
What is (25 - 4) + 4 + -1 + (15 - (-12 - -25))?
26
What is the value of -10 + (-23 - (-12 - -4)) + 21 + 10 + -12?
-6
What is the value of (7 - -40) + -61 + -35?
-49
Calculate (18 - (80 + -58)) + 68.
64
Evaluate -1 + -27 - (-10480 - -10576).
-124
What is the value of (95 - 57) + 6 + (0 - 8) + -1 + 3?
38
What is the value of (1 - -33 - (270 - 242)) + -1 + -3?
2
What is the value of (71 + -30 - 24) + -67 + 15?
-35
Calculate 9 + 11 + (-22 - -45) - 17.
26
Calculate 62 - (111 - (48 - 41)).
-42
What is 29 + 18 + 8 + (-8 - 9)?
38
(5 - 1 - -5) + (88 - 107)
-10
Calculate -3 + -2 - (6 - 23) - (85 + 3).
-76
Evaluate 252 + -28 + -60 + -67 + 18.
115
What is the value of (21 - (0 - -85)) + 8?
-56
6 + 5 + (31 - (0 + 1 + -7 + 1))
47
Calculate -23 + -69 + -243 + 295.
-40
Calculate (-18 - 35) + (13 - -40).
0
What is (-15 + 48 - -33) + -40?
26
Calculate (-177 + 184 - (1 + -30)) + -10.
26
Evaluate 14 - (-28 + (-17 - -27 - -7)).
25
What is the value of (0 - 2) + 7 + (51 - 100 - -53)?
9
4 - 4 - ((38 - 137 - (-1 + -2)) + 4)
92
What is the value of (18 - 23) + (-41 - -5 - (-8 + 4)) + 7?
-30
Evaluate -109 + (54 - -66) + -1 + 0 + 5.
15
What is -63 + (91 - (118 + -118))?
28
5 - (4 + (-7 - (-21 - 2)) + -68)
53
Calculate 16 + (145 - 141 - (20 - 3)) + 17.
20
(110 - 69) + -13 + 3 + 1 + 4
36
Calculate 49 - (-949 - -953 - (-2 - 1)).
42
What is -7 + (-4 + (0 - 1) - (191 - 181))?
-22
Evaluate -7 - -36 - (4 - (22 + -33)).
14
What is the value of 14 + -2 - (-41 - (-15 + 5))?
43
0 + -46 + (-2 - 0) - (-53 - 13 - -57)
-39
Calculate (3 - -3) + 12 + -11 + (65 - 9) + 10.
73
What is the value of (-13 - -56) + -120 - -35?
-42
Evaluate -1 + 43 + (-21 + 23 - -6) + 10.
60
Evaluate -1 + -8 + -3 - ((-12 + 11 - 24) + -23).
36
Evaluate -37 - ((15 - 63) + 10).
1
(-93 - (-14 - 0)) + (-134 - -148)
-65
-19 + -76 + (23 - (18 - 21 - -29))
-98
(3 - -40) + (-53 + 62 - (-1 + -4)) + -22
35
What is the value of -72 + 40 + -142 - -148?
-26
Evaluate 46 + 40 + -53 + -70.
-37
What is (-20 + (60 - 33) - 39) + -51?
-83
What is (-35 + -10 - -72) + -47?
-20
What is the value of -16 + (23 - (3 + 18 - 23))?
9
What is (2 + -1 - (-68 - -1)) + (-116 - 31) + 146?
67
Calculate 6 + -7 + -54 - (6 + (10 - (-10 - -34))).
-47
(-133 + 90 - 11) + -1 + 23
-32
What is -40 + 9 - (2 - 1 - (-151 + 144))?
-39
What is (45 - 103) + (71 - 95)?
-82
What is 0 + (-34 - -1) - (17692 - 17744)?
19
-8 + (-5 - (-2 - 4)) - (-1122 + 1105)
10
What is the value of -38 - (20 + 23) - -29?
-52
(83 - (82 + -33)) + -12
22
Calculate -4 + 13 + 10 + -10 + (73 - 3).
79
-5 + (32 - (-49 - -96))
-20
Evaluate (-3 - -9 - (30 - 28)) + (-14 - 64).
-74
Evaluate -33 + 8 + (49 - (117 + -39)).
-54
What is -1 + 24 + -3 - (-82 - -146)?
-44
12 + -1 + -1 + (104 - 102) + 80 + -98
-6
What is the value of (11 - ((5 - 3 - 7) + -8 + 18)) + 30?
36
What is the value of (-52 - (11 + (-16 - -7) - 4)) + 12?
-38
What is -54 - (-63 + (66 - 8))?
-49
52 - (-2 - 0 - (-8 + 19 - (-33 - -44)))
54
Calculate (-3 + (7 - -1) - (180 + -200)) + 3.
28
Calculate 17 + 62 + -90 + 3 + 0.
-8
What is the value of -25 + (-26 - 25) + 60?
-16
What is the value of 3 + 0 - 4 - (68 - (40 + 20))?
-9
-80 + 1 - (4 + (8 - 38 - -19) + 17)
-89
Calculate 80 + -108 + -96 + 24.
-100
What is the value of 1 + (-417 - -434 - (9 + 1))?
8
Calculate -21 - -30 - (-2 + 8 + 10 + -16) - -22.
31
What is -81 - 1 - (-4205 + 4125)?
-2
Evaluate (0 - -19) + -33 + (19 - 1) - -100.
104
What is the value of 1 - -47 - ((-15 - (-12 - -18)) + -6 + 25)?
50
What is -18 + (60 - (128 + -110))?
24
19 - (85 + -69 + -48)
51
-82 - -80 - ((5 - -7) + -9)
-5
-1 + (0 - -7) - (19 + (14 - 36) + 51)
-42
What is the value of -51 + 2 + -117 + 41?
-125
Evaluate (132 - (293 - 48)) + 220.
107
Evaluate 11 + -9 + (17 - 13) + 5 + 26.
37
62 + -89 + (49 - 13)
9
Evaluate (29 - -61 - 28 - 16) + -10.
36
Calculate 128 + (-20 - -28 - (18 + 5)) + 15 - 9.
119
What is 5 + -9 + (20 - 21) + -46 - -3?
-48
Calculate (3 - -20) + -1 + -40 - 9.
-27
What is -13142 + 13071 - (-59 + 0)?
-12
What is the value of 2 + (-10 - -11) + 5 + -5 - -68?
71
Calculate 5 + (-15 - -19) - 32 - -24.
1
Evaluate 22 + (-4 + -1 - -2) + (-1283 - -1334).
70
Calculate 5 + (-2 - (-3 + -1 + -75) - (50 + -46)).
78
Evaluate 1 - -15 - (3261 - 3195).
-50
Calculate 16 + -19 + -15 + 5 - -27.
14
Calculate 1 + -15 + (0 - -16) + (-560 - -565).
7
Calculate -96 + 12 + (95 - 48).
-37
What is the value of 27 - (40 + -60 + -3) - 28?
22
Evaluate (20 - (0 + 18)) + -27 + 1.
-24
Calculate -37 + 69 + (-20 - (11 + -31)).
32
Calculate (-152 + -58 - -210) + (0 - 1) + 0 + -55.
-56
What is the value of 44 + 17 + (21 - 66) + -29?
-13
What is -73 - 11 - 49 - -115?
-18
Evaluate -79 + 62 + 5 + 4 + 3 + -131.
-136
Evaluate -28 + 25 - (4 - (3 + (1 - 4 - -6))).
-1
Evaluate 22 + -13 + 2 + -6 - (2 + -14).
17
(10 - (16 + -4)) + -10 - (10 - 12) - -4
-6
109 + (70 + -225 - -90)
44
Evaluate -39 + 40 - (-6 + 9).
-2
-21 - (7 + ((5 - 2) + -14 - -12))
-29
-1 + (-24 - (0 + 18 - 88)) + 4
49
-2 + -46 + (20 - 22) + (14 - 11)
-47
Evaluate -144 + (59 - (-92 - -72)).
-65
What is the value of 8 - (11 + -3 + (13 - 5) - (67 + -60))?
-1
Calculate 151 + -1 - (-1315 + 1406).
59
Calculate -19 - ((-21 - -17) + 9).
-24
What is 3 + (4 + 89 + (-10 - -26) + -17 - 5)?
90
What is -45 